{"id":3627,"date":"2025-06-15T16:41:18","date_gmt":"2025-06-15T15:41:18","guid":{"rendered":"https:\/\/www.human-audio.hu\/?page_id=3627"},"modified":"2025-06-16T11:03:44","modified_gmt":"2025-06-16T10:03:44","slug":"audio_expo_2024_hu","status":"publish","type":"page","link":"https:\/\/www.human-audio.hu\/audio_expo_2024_hu\/","title":{"rendered":"audio_expo_2024_hu"},"content":{"rendered":"<p style=\"text-align: center;\"><span style=\"color: #999999;\"><strong><span style=\"font-size: 14pt;\">AUDIO EXPO &#8211; 2024 &#8211; BUDAPEST, MAGYARORSZ\u00c1G<\/span><\/strong><\/span><\/p>\n<p style=\"text-align: center;\"><img loading=\"lazy\" decoding=\"async\" class=\"alignnone size-medium wp-image-3629\" src=\"https:\/\/www.human-audio.hu\/wp-content\/uploads\/2025\/06\/audio_expo_2024_1-1000x563.jpg\" alt=\"\" width=\"1000\" height=\"563\" srcset=\"https:\/\/www.human-audio.hu\/wp-content\/uploads\/2025\/06\/audio_expo_2024_1-1000x563.jpg 1000w, https:\/\/www.human-audio.hu\/wp-content\/uploads\/2025\/06\/audio_expo_2024_1-768x432.jpg 768w, https:\/\/www.human-audio.hu\/wp-content\/uploads\/2025\/06\/audio_expo_2024_1-1536x864.jpg 1536w, https:\/\/www.human-audio.hu\/wp-content\/uploads\/2025\/06\/audio_expo_2024_1.jpg 1920w\" sizes=\"auto, (max-width: 1000px) 100vw, 1000px\" \/> <img loading=\"lazy\" decoding=\"async\" class=\"alignnone size-medium wp-image-3633\" src=\"https:\/\/www.human-audio.hu\/wp-content\/uploads\/2025\/06\/audio_expo_2024_5-1000x667.jpg\" alt=\"\" width=\"1000\" height=\"667\" srcset=\"https:\/\/www.human-audio.hu\/wp-content\/uploads\/2025\/06\/audio_expo_2024_5-1000x667.jpg 1000w, https:\/\/www.human-audio.hu\/wp-content\/uploads\/2025\/06\/audio_expo_2024_5-768x512.jpg 768w, https:\/\/www.human-audio.hu\/wp-content\/uploads\/2025\/06\/audio_expo_2024_5-1536x1025.jpg 1536w, https:\/\/www.human-audio.hu\/wp-content\/uploads\/2025\/06\/audio_expo_2024_5-570x380.jpg 570w, https:\/\/www.human-audio.hu\/wp-content\/uploads\/2025\/06\/audio_expo_2024_5-380x254.jpg 380w, https:\/\/www.human-audio.hu\/wp-content\/uploads\/2025\/06\/audio_expo_2024_5-285x190.jpg 285w, https:\/\/www.human-audio.hu\/wp-content\/uploads\/2025\/06\/audio_expo_2024_5.jpg 2000w\" sizes=\"auto, (max-width: 1000px) 100vw, 1000px\" \/> <img loading=\"lazy\" decoding=\"async\" class=\"alignnone size-medium wp-image-3634\" src=\"https:\/\/www.human-audio.hu\/wp-content\/uploads\/2025\/06\/audio_expo_2024_6-1000x750.jpg\" alt=\"\" width=\"1000\" height=\"750\" srcset=\"https:\/\/www.human-audio.hu\/wp-content\/uploads\/2025\/06\/audio_expo_2024_6-1000x750.jpg 1000w, https:\/\/www.human-audio.hu\/wp-content\/uploads\/2025\/06\/audio_expo_2024_6-768x576.jpg 768w, https:\/\/www.human-audio.hu\/wp-content\/uploads\/2025\/06\/audio_expo_2024_6-1536x1152.jpg 1536w, https:\/\/www.human-audio.hu\/wp-content\/uploads\/2025\/06\/audio_expo_2024_6-380x285.jpg 380w, https:\/\/www.human-audio.hu\/wp-content\/uploads\/2025\/06\/audio_expo_2024_6-285x214.jpg 285w, https:\/\/www.human-audio.hu\/wp-content\/uploads\/2025\/06\/audio_expo_2024_6.jpg 2000w\" sizes=\"auto, (max-width: 1000px) 100vw, 1000px\" \/> <img loading=\"lazy\" decoding=\"async\" class=\"alignnone size-medium wp-image-3635\" src=\"https:\/\/www.human-audio.hu\/wp-content\/uploads\/2025\/06\/audio_expo_2024_7-1000x750.jpg\" alt=\"\" width=\"1000\" height=\"750\" srcset=\"https:\/\/www.human-audio.hu\/wp-content\/uploads\/2025\/06\/audio_expo_2024_7-1000x750.jpg 1000w, https:\/\/www.human-audio.hu\/wp-content\/uploads\/2025\/06\/audio_expo_2024_7-768x576.jpg 768w, https:\/\/www.human-audio.hu\/wp-content\/uploads\/2025\/06\/audio_expo_2024_7-1536x1152.jpg 1536w, https:\/\/www.human-audio.hu\/wp-content\/uploads\/2025\/06\/audio_expo_2024_7-380x285.jpg 380w, https:\/\/www.human-audio.hu\/wp-content\/uploads\/2025\/06\/audio_expo_2024_7-285x214.jpg 285w, https:\/\/www.human-audio.hu\/wp-content\/uploads\/2025\/06\/audio_expo_2024_7.jpg 2000w\" sizes=\"auto, (max-width: 1000px) 100vw, 1000px\" \/> <img loading=\"lazy\" decoding=\"async\" class=\"alignnone size-medium wp-image-3636\" src=\"https:\/\/www.human-audio.hu\/wp-content\/uploads\/2025\/06\/audio_expo_2024_8-1000x667.jpg\" alt=\"\" width=\"1000\" height=\"667\" srcset=\"https:\/\/www.human-audio.hu\/wp-content\/uploads\/2025\/06\/audio_expo_2024_8-1000x667.jpg 1000w, https:\/\/www.human-audio.hu\/wp-content\/uploads\/2025\/06\/audio_expo_2024_8-768x512.jpg 768w, https:\/\/www.human-audio.hu\/wp-content\/uploads\/2025\/06\/audio_expo_2024_8-1536x1025.jpg 1536w, https:\/\/www.human-audio.hu\/wp-content\/uploads\/2025\/06\/audio_expo_2024_8-570x380.jpg 570w, https:\/\/www.human-audio.hu\/wp-content\/uploads\/2025\/06\/audio_expo_2024_8-380x254.jpg 380w, https:\/\/www.human-audio.hu\/wp-content\/uploads\/2025\/06\/audio_expo_2024_8-285x190.jpg 285w, https:\/\/www.human-audio.hu\/wp-content\/uploads\/2025\/06\/audio_expo_2024_8.jpg 2000w\" sizes=\"auto, (max-width: 1000px) 100vw, 1000px\" \/> <img loading=\"lazy\" decoding=\"async\" class=\"alignnone size-medium wp-image-3637\" src=\"https:\/\/www.human-audio.hu\/wp-content\/uploads\/2025\/06\/audio_expo_2024_9-1000x667.jpg\" alt=\"\" width=\"1000\" height=\"667\" srcset=\"https:\/\/www.human-audio.hu\/wp-content\/uploads\/2025\/06\/audio_expo_2024_9-1000x667.jpg 1000w, https:\/\/www.human-audio.hu\/wp-content\/uploads\/2025\/06\/audio_expo_2024_9-768x512.jpg 768w, https:\/\/www.human-audio.hu\/wp-content\/uploads\/2025\/06\/audio_expo_2024_9-1536x1025.jpg 1536w, https:\/\/www.human-audio.hu\/wp-content\/uploads\/2025\/06\/audio_expo_2024_9-570x380.jpg 570w, https:\/\/www.human-audio.hu\/wp-content\/uploads\/2025\/06\/audio_expo_2024_9-380x254.jpg 380w, https:\/\/www.human-audio.hu\/wp-content\/uploads\/2025\/06\/audio_expo_2024_9-285x190.jpg 285w, https:\/\/www.human-audio.hu\/wp-content\/uploads\/2025\/06\/audio_expo_2024_9.jpg 2000w\" sizes=\"auto, (max-width: 1000px) 100vw, 1000px\" \/><\/p>\n<p><strong><span style=\"color: #999999; font-size: 12pt;\">Cikkek:<\/span><\/strong><\/p>\n<p style=\"padding-left: 40px;\"><a href=\"https:\/\/hangzasvilag.hu\/budapest-audio-expo-2024\/\" target=\"_blank\" rel=\"noopener\"><span style=\"color: #999999; font-size: 12pt;\"><strong>Hangz\u00e1svil\u00e1g Magazin<\/strong> (Magyar)<\/span><\/a><\/p>\n","protected":false},"excerpt":{"rendered":"<p>AUDIO EXPO &#8211; 2024 &#8211; BUDAPEST, MAGYARORSZ\u00c1G Cikkek: Hangz\u00e1svil\u00e1g Magazin (Magyar)<\/p>\n","protected":false},"author":1,"featured_media":0,"parent":0,"menu_order":0,"comment_status":"closed","ping_status":"closed","template":"","meta":{"iawp_total_views":56,"footnotes":""},"categories":[],"tags":[],"class_list":["post-3627","page","type-page","status-publish","hentry"],"_links":{"self":[{"href":"https:\/\/www.human-audio.hu\/wp-json\/wp\/v2\/pages\/3627","targetHints":{"allow":["GET"]}}],"collection":[{"href":"https:\/\/www.human-audio.hu\/wp-json\/wp\/v2\/pages"}],"about":[{"href":"https:\/\/www.human-audio.hu\/wp-json\/wp\/v2\/types\/page"}],"author":[{"embeddable":true,"href":"https:\/\/www.human-audio.hu\/wp-json\/wp\/v2\/users\/1"}],"replies":[{"embeddable":true,"href":"https:\/\/www.human-audio.hu\/wp-json\/wp\/v2\/comments?post=3627"}],"version-history":[{"count":4,"href":"https:\/\/www.human-audio.hu\/wp-json\/wp\/v2\/pages\/3627\/revisions"}],"predecessor-version":[{"id":3836,"href":"https:\/\/www.human-audio.hu\/wp-json\/wp\/v2\/pages\/3627\/revisions\/3836"}],"wp:attachment":[{"href":"https:\/\/www.human-audio.hu\/wp-json\/wp\/v2\/media?parent=3627"}],"wp:term":[{"taxonomy":"category","embeddable":true,"href":"https:\/\/www.human-audio.hu\/wp-json\/wp\/v2\/categories?post=3627"},{"taxonomy":"post_tag","embeddable":true,"href":"https:\/\/www.human-audio.hu\/wp-json\/wp\/v2\/tags?post=3627"}],"curies":[{"name":"wp","href":"https:\/\/api.w.org\/{rel}","templated":true}]}}