{"id":2581,"date":"2025-03-19T16:47:40","date_gmt":"2025-03-19T15:47:40","guid":{"rendered":"https:\/\/www.human-audio.hu\/?page_id=2581"},"modified":"2025-10-08T20:30:17","modified_gmt":"2025-10-08T19:30:17","slug":"simul_hu","status":"publish","type":"page","link":"https:\/\/www.human-audio.hu\/simul_hu\/","title":{"rendered":"simul_hu"},"content":{"rendered":"<p><strong><span style=\"font-size: 12pt; color: #999999;\">A tisztas\u00e1g fel\u00e9 vezet\u0151 els\u0151 l\u00e9p\u00e9s, ahol a min\u0151s\u00e9g kompromisszumok n\u00e9lk\u00fcl tal\u00e1lkozik az el\u00e9rhet\u0151s\u00e9ggel.<\/span><\/strong><\/p>\n<p><span style=\"font-size: 12pt; color: #999999;\">A meg\u00fajult <strong>Simul <\/strong>interconnect \u00e9s hangfal k\u00e1belek a tisztas\u00e1g \u00e9s a term\u00e9szetess\u00e9g jegy\u00e9ben sz\u00fclettek. K\u00f6zel k\u00e9t \u00e9vtizednyi tapasztalat \u00e9s k\u00eds\u00e9rletez\u00e9s \u00e9rlel\u0151d\u00f6tt benn\u00fck: hogy a zene szabadon, er\u0151lk\u00f6d\u00e9s n\u00e9lk\u00fcl \u00e1ramoljon, \u00fagy, ahogy a hangszerek megsz\u00f3laltat\u00e1sakor val\u00f3ban sz\u00fcletik.<\/span><\/p>\n<p><span style=\"font-size: 12pt; color: #999999;\">A vezet\u0151 anyaga finoman hangolt ez\u00fcst-r\u00e9z \u00f6tv\u00f6zet.<strong><br \/>\n<\/strong><\/span><span style=\"font-size: 12pt; color: #999999;\">Ebben a k\u00fcl\u00f6nleges ar\u00e1nyban a r\u00e9z meleg, telt t\u00f3nusai tal\u00e1lkoznak az ez\u00fcst f\u00e9nyl\u0151 r\u00e9szletez\u0151k\u00e9pess\u00e9g\u00e9vel, \u00edgy a hang egyszerre marad term\u00e9szetes \u00e9s prec\u00edz, zenei \u00e9s analitikus, kompromisszumok n\u00e9lk\u00fcl.<\/span><\/p>\n<p><span style=\"font-size: 12pt; color: #999999;\">A szigetel\u00e9s \u00e9s a k\u00fcls\u0151 r\u00e9teg is teljesen meg\u00fajult.<br \/>\nA PVC-mentes szigetel\u00e9s \u00e9s a pamutbor\u00edt\u00e1ssal kombin\u00e1lt \u00faj fel\u00e9p\u00edt\u00e9s nemcsak eszt\u00e9tikai \u00faj\u00edt\u00e1s, hanem l\u00e9nyegi el\u0151rel\u00e9p\u00e9s is: jobb mechanikus csillap\u00edt\u00e1st \u00e9s kevesebb k\u00fcls\u0151 zavart biztos\u00edt, a megsz\u00f3lal\u00e1s pedig tiszt\u00e1bb, term\u00e9szetesebb \u00e9s mentes minden k\u00f6z\u00e9p- \u00e9s magas tartom\u00e1nybeli felrak\u00f3d\u00e1st\u00f3l.<\/span><\/p>\n<p><span style=\"font-size: 12pt; color: #999999;\">A<strong> Simul<\/strong> k\u00f6zel 20 \u00e9v fejleszt\u00e9si tapasztalat\u00e1nak tov\u00e1bbgondol\u00e1sa. Az interconnect k\u00e1belek a kor\u00e1bbi gener\u00e1ci\u00f3k kifinomult \u00f6r\u00f6k\u00f6sei, m\u00edg a hangfalk\u00e1belek teljesen \u00faj fejleszt\u00e9sek de mindegyik\u00fck mag\u00e1ban hordozza a <strong>Human Audio<\/strong> k\u00e9t \u00e9vtizedes tud\u00e1s\u00e1t \u00e9s elhivatotts\u00e1g\u00e1t.<\/span><\/p>\n<p><span style=\"font-size: 12pt; color: #999999;\">A <strong>Simul<\/strong> a bel\u00e9p\u0151 a <strong>Human Audio<\/strong> vil\u00e1g\u00e1ba &#8211; ahol a zene nem puszt\u00e1n megsz\u00f3lal, hanem \u00e9l\u0151v\u00e9 v\u00e1lik.<\/span><\/p>\n<p><span style=\"font-size: 12pt; color: #999999;\"><img loading=\"lazy\" decoding=\"async\" class=\"alignnone size-medium wp-image-2986 aligncenter\" src=\"https:\/\/www.human-audio.hu\/wp-content\/uploads\/2025\/03\/simul_layers_hu-1000x625.jpg\" alt=\"\" width=\"1000\" height=\"625\" srcset=\"https:\/\/www.human-audio.hu\/wp-content\/uploads\/2025\/03\/simul_layers_hu-1000x625.jpg 1000w, https:\/\/www.human-audio.hu\/wp-content\/uploads\/2025\/03\/simul_layers_hu-768x480.jpg 768w, https:\/\/www.human-audio.hu\/wp-content\/uploads\/2025\/03\/simul_layers_hu.jpg 1440w\" sizes=\"auto, (max-width: 1000px) 100vw, 1000px\" \/><\/span><span style=\"font-size: 12pt; color: #999999;\"><b>Simul RCA <\/b>(Anal\u00f3g \u00f6sszek\u00f6t\u0151 k\u00e1bel)<b> &#8211; 1,2m &#8211; <\/b>Aj\u00e1nlott fogyaszt\u00f3i \u00e1ra: 200.000 Ft<\/span><\/p>\n<p><span style=\"font-size: 12pt; color: #999999;\"><b>Simul XLR <\/b>(Anal\u00f3g \u00f6sszek\u00f6t\u0151 k\u00e1bel)<b> &#8211; 1m &#8211; <\/b>Aj\u00e1nlott fogyaszt\u00f3i \u00e1ra: 230.000 Ft<\/span><\/p>\n<p><span style=\"font-size: 12pt; color: #999999;\"><b>Simul S\/PDIF (RCA vagy BNC) <\/b>(Digit\u00e1lis \u00f6sszek\u00f6t\u0151 k\u00e1bel)<b> &#8211; 1,2m &#8211; <\/b>Aj\u00e1nlott fogyaszt\u00f3i \u00e1ra: 180.000 Ft<\/span><\/p>\n<p><span style=\"font-size: 12pt; color: #999999;\"><b>Simul Ethernet (CAT8)<\/b>\u00a0(Sz\u00e1m\u00edt\u00f3g\u00e9pes h\u00e1l\u00f3zati k\u00e1bel)<b> &#8211; 1,5m, 3m, 5m &#8211; <\/b>Aj\u00e1nlott fogyaszt\u00f3i \u00e1rai: 150.000 Ft (1,5m), 200.000 Ft (3m), 250.000 Ft (5m) <\/span><\/p>\n<p><span style=\"font-size: 12pt; color: #999999;\"><strong>Simul Speaker (Single wire)<\/strong> (Szimpla hangfalk\u00e1bel) <strong>&#8211; 2,5m &#8211;<\/strong> Aj\u00e1nlott fogyaszt\u00f3i \u00e1ra: 450.000 Ft<\/span><\/p>\n<p><span style=\"font-size: 12pt; color: #999999;\"><strong>Simul Speaker (Bi-wire)<\/strong> (Kett\u0151s hangfalk\u00e1bel) <strong>&#8211; 2,5m &#8211;<\/strong> Aj\u00e1nlott fogyaszt\u00f3i \u00e1ra: 550.000 Ft<\/span><\/p>\n","protected":false},"excerpt":{"rendered":"<p>A tisztas\u00e1g fel\u00e9 vezet\u0151 els\u0151 l\u00e9p\u00e9s, ahol a min\u0151s\u00e9g kompromisszumok n\u00e9lk\u00fcl tal\u00e1lkozik az el\u00e9rhet\u0151s\u00e9ggel. A meg\u00fajult Simul interconnect \u00e9s hangfal k\u00e1belek a tisztas\u00e1g \u00e9s a term\u00e9szetess\u00e9g jegy\u00e9ben sz\u00fclettek. K\u00f6zel k\u00e9t \u00e9vtizednyi tapasztalat \u00e9s k\u00eds\u00e9rletez\u00e9s \u00e9rlel\u0151d\u00f6tt benn\u00fck: hogy a zene szabadon, er\u0151lk\u00f6d\u00e9s n\u00e9lk\u00fcl \u00e1ramoljon, \u00fagy, ahogy a hangszerek megsz\u00f3laltat\u00e1sakor val\u00f3ban sz\u00fcletik. A vezet\u0151 anyaga finoman hangolt&hellip;<\/p>\n<p class=\"more-link\"><a href=\"https:\/\/www.human-audio.hu\/simul_hu\/\" class=\"themebutton2\">Read More<\/a><\/p>\n","protected":false},"author":1,"featured_media":0,"parent":0,"menu_order":0,"comment_status":"closed","ping_status":"closed","template":"","meta":{"iawp_total_views":329,"footnotes":""},"categories":[],"tags":[],"class_list":["post-2581","page","type-page","status-publish","hentry"],"_links":{"self":[{"href":"https:\/\/www.human-audio.hu\/wp-json\/wp\/v2\/pages\/2581","targetHints":{"allow":["GET"]}}],"collection":[{"href":"https:\/\/www.human-audio.hu\/wp-json\/wp\/v2\/pages"}],"about":[{"href":"https:\/\/www.human-audio.hu\/wp-json\/wp\/v2\/types\/page"}],"author":[{"embeddable":true,"href":"https:\/\/www.human-audio.hu\/wp-json\/wp\/v2\/users\/1"}],"replies":[{"embeddable":true,"href":"https:\/\/www.human-audio.hu\/wp-json\/wp\/v2\/comments?post=2581"}],"version-history":[{"count":19,"href":"https:\/\/www.human-audio.hu\/wp-json\/wp\/v2\/pages\/2581\/revisions"}],"predecessor-version":[{"id":4733,"href":"https:\/\/www.human-audio.hu\/wp-json\/wp\/v2\/pages\/2581\/revisions\/4733"}],"wp:attachment":[{"href":"https:\/\/www.human-audio.hu\/wp-json\/wp\/v2\/media?parent=2581"}],"wp:term":[{"taxonomy":"category","embeddable":true,"href":"https:\/\/www.human-audio.hu\/wp-json\/wp\/v2\/categories?post=2581"},{"taxonomy":"post_tag","embeddable":true,"href":"https:\/\/www.human-audio.hu\/wp-json\/wp\/v2\/tags?post=2581"}],"curies":[{"name":"wp","href":"https:\/\/api.w.org\/{rel}","templated":true}]}}