{"id":2512,"date":"2025-03-19T14:48:52","date_gmt":"2025-03-19T13:48:52","guid":{"rendered":"https:\/\/www.human-audio.hu\/?page_id=2512"},"modified":"2026-02-21T20:33:29","modified_gmt":"2026-02-21T19:33:29","slug":"draco_hu","status":"publish","type":"page","link":"https:\/\/www.human-audio.hu\/draco_hu\/","title":{"rendered":"draco_hu"},"content":{"rendered":"<p style=\"text-align: center;\"><span style=\"font-size: 12pt; color: #999999;\"><b><span style=\"font-size: 14pt;\">DRACO<\/span><br \/>\n(Digit\u00e1lis <\/b><strong>\u2192 <\/strong><b>Anal\u00f3g konverter)<\/b><\/span><\/p>\n<p><span style=\"font-size: 12pt; color: #999999;\">Nem kell k\u00fcl\u00f6n zenelej\u00e1tsz\u00f3, mert a mobiltelefonok is t\u00f6k\u00e9letesen alkalmasak hozz\u00e1, \u00edgy ak\u00e1r Tidal, Deezer, vagy \u00e9pp Spotify, iTunes szolg\u00e1ltat\u00e1son kereszt\u00fcl hallgathatjuk kedvenc zen\u00e9inket. Nem kell semmilyen k\u00fcty\u00fcvel bajl\u00f3dnunk &#8211; sz\u00e1m\u0171zhet\u0151 a k\u00fcl\u00f6n\u00e1ll\u00f3 sz\u00e1m\u00edt\u00f3g\u00e9p a rendszer\u00fcnkb\u0151l. A Bluetooth rendszer ny\u00fajtotta, ak\u00e1r 10 m-es hat\u00f3t\u00e1vols\u00e1ggal.<\/span><\/p>\n<p><span style=\"font-size: 12pt; color: #999999;\">Egyetlen dolgunk maradt: m\u00e1r megl\u00e9v\u0151 lej\u00e1tsz\u00e1si list\u00e1ink, kedvenc zenei albumaink meghallgat\u00e1sa kimagasl\u00f3 hangmin\u0151s\u00e9gben!<\/span><\/p>\n<p><span style=\"font-size: 12pt; color: #999999;\">A fejleszt\u00e9s a <a style=\"color: #999999;\" href=\"https:\/\/www.human-audio.hu\/?page_id=2346\"><b>DRA KIT<\/b><\/a> alapjain indult el.<\/span><\/p>\n<p><span style=\"font-size: 12pt; color: #999999;\">Amit <b>DRACO<\/b>-hoz hozz\u00e1adtunk:<\/span><\/p>\n<p style=\"padding-left: 40px;\"><span style=\"font-size: 12pt; color: #999999;\">Nagyobb akkumul\u00e1torok, egy t\u00f6lt\u00e9ssel 16-20 \u00f3ra az \u00fczemid\u0151, folyamatos t\u00f6lt\u00e9ssel b\u00e1rmennyi<\/span><br \/>\n<span style=\"font-size: 12pt; color: #999999;\">S\/PDIF \u00e9s optikai bemenetek, komolyabb DAC chip t\u00falmintav\u00e9telez\u00e9s \u00e9s digit\u00e1lis sz\u0171r\u00e9s n\u00e9lk\u00fcl (NOS)<\/span><br \/>\n<span style=\"font-size: 12pt; color: #999999;\">Legmagasabb min\u0151s\u00e9g\u0171 alkatr\u00e9szek, RCA \u00e9s XLR csatlakoz\u00f3kkal<\/span><\/p>\n<p><span style=\"font-size: 12pt; color: #999999;\">Aj\u00e1nlott fogyaszt\u00f3i \u00e1r Bluetooth modullal: 5.000 Euro<\/span><\/p>\n","protected":false},"excerpt":{"rendered":"<p>DRACO (Digit\u00e1lis \u2192 Anal\u00f3g konverter) Nem kell k\u00fcl\u00f6n zenelej\u00e1tsz\u00f3, mert a mobiltelefonok is t\u00f6k\u00e9letesen alkalmasak hozz\u00e1, \u00edgy ak\u00e1r Tidal, Deezer, vagy \u00e9pp Spotify, iTunes szolg\u00e1ltat\u00e1son kereszt\u00fcl hallgathatjuk kedvenc zen\u00e9inket. Nem kell semmilyen k\u00fcty\u00fcvel bajl\u00f3dnunk &#8211; sz\u00e1m\u0171zhet\u0151 a k\u00fcl\u00f6n\u00e1ll\u00f3 sz\u00e1m\u00edt\u00f3g\u00e9p a rendszer\u00fcnkb\u0151l. A Bluetooth rendszer ny\u00fajtotta, ak\u00e1r 10 m-es hat\u00f3t\u00e1vols\u00e1ggal. Egyetlen dolgunk maradt: m\u00e1r megl\u00e9v\u0151 lej\u00e1tsz\u00e1si&hellip;<\/p>\n<p class=\"more-link\"><a href=\"https:\/\/www.human-audio.hu\/draco_hu\/\" class=\"themebutton2\">Read More<\/a><\/p>\n","protected":false},"author":1,"featured_media":0,"parent":0,"menu_order":0,"comment_status":"closed","ping_status":"closed","template":"","meta":{"iawp_total_views":221,"footnotes":""},"categories":[],"tags":[],"class_list":["post-2512","page","type-page","status-publish","hentry"],"_links":{"self":[{"href":"https:\/\/www.human-audio.hu\/wp-json\/wp\/v2\/pages\/2512","targetHints":{"allow":["GET"]}}],"collection":[{"href":"https:\/\/www.human-audio.hu\/wp-json\/wp\/v2\/pages"}],"about":[{"href":"https:\/\/www.human-audio.hu\/wp-json\/wp\/v2\/types\/page"}],"author":[{"embeddable":true,"href":"https:\/\/www.human-audio.hu\/wp-json\/wp\/v2\/users\/1"}],"replies":[{"embeddable":true,"href":"https:\/\/www.human-audio.hu\/wp-json\/wp\/v2\/comments?post=2512"}],"version-history":[{"count":12,"href":"https:\/\/www.human-audio.hu\/wp-json\/wp\/v2\/pages\/2512\/revisions"}],"predecessor-version":[{"id":5186,"href":"https:\/\/www.human-audio.hu\/wp-json\/wp\/v2\/pages\/2512\/revisions\/5186"}],"wp:attachment":[{"href":"https:\/\/www.human-audio.hu\/wp-json\/wp\/v2\/media?parent=2512"}],"wp:term":[{"taxonomy":"category","embeddable":true,"href":"https:\/\/www.human-audio.hu\/wp-json\/wp\/v2\/categories?post=2512"},{"taxonomy":"post_tag","embeddable":true,"href":"https:\/\/www.human-audio.hu\/wp-json\/wp\/v2\/tags?post=2512"}],"curies":[{"name":"wp","href":"https:\/\/api.w.org\/{rel}","templated":true}]}}