{"id":2450,"date":"2025-03-19T10:39:08","date_gmt":"2025-03-19T09:39:08","guid":{"rendered":"https:\/\/www.human-audio.hu\/?page_id=2450"},"modified":"2026-02-21T20:58:11","modified_gmt":"2026-02-21T19:58:11","slug":"sileo_hu","status":"publish","type":"page","link":"https:\/\/www.human-audio.hu\/sileo_hu\/","title":{"rendered":"sileo_hu"},"content":{"rendered":"<p style=\"text-align: center;\"><span style=\"font-size: 12pt; color: #999999;\"><b><span style=\"font-size: 14pt;\">Sileo<\/span><br \/>\n(Fejhallgat\u00f3 \u00e9s el\u0151er\u0151s\u00edt\u0151)<\/b><\/span><\/p>\n<p><span style=\"font-size: 12pt; color: #999999;\">A <b>Sileo<\/b> el\u0151er\u0151s\u00edt\u0151 a <strong>Human Audio<\/strong> k\u00f6lt\u00e9szet\u00e9ben maga a r\u00edm. Csendben h\u00fazza meg mag\u00e1t a sorok v\u00e9g\u00e9n &#8211; m\u00e9gis n\u00e9lk\u00fcl\u00f6zhetetlen a vers eg\u00e9sz\u00e9ben. Nincs sz\u00fcks\u00e9g magyar\u00e1zatra, nincs sz\u00fcks\u00e9g elemz\u00e9sre, a k\u00f6ltem\u00e9ny vele v\u00e1lik teljes eg\u00e9ssz\u00e9.<\/span><\/p>\n<p><span style=\"font-size: 12pt; color: #999999;\">A <b>Sileo<\/b> a k\u00f6lt\u0151i eszk\u00f6z\u00f6k elemi iskol\u00e1ja, az alma mater ahov\u00e1 a zene egyetem\u00e9n v\u00e9gzett di\u00e1k hossz\u00fa \u00e9vek ut\u00e1n is visszavonulhat nosztalgi\u00e1zni &#8211; mondv\u00e1n: igen &#8211; ilyen egy feladat hib\u00e1tlan megold\u00e1sa.<\/span><\/p>\n<p><span style=\"font-size: 12pt; color: #999999;\">Nem kell keresni hajdani tan\u00e1runkat, az akkumul\u00e1torok fekete csendj\u00e9ben mindig ott \u00e1ll mellett\u00fcnk.<\/span><\/p>\n<p><span style=\"font-size: 12pt; color: #999999;\"><b>F\u0151bb jellemz\u0151k:<\/b><\/span><\/p>\n<p style=\"padding-left: 40px;\"><span style=\"font-size: 12pt; color: #999999;\">Jack (2 darab) \u00e9s XLR fejhallgat\u00f3 csatlakoz\u00e1s<\/span><br \/>\n<span style=\"font-size: 12pt; color: #999999;\">Hidalt er\u0151s\u00edt\u0151k, a fejhallgat\u00f3 kimeneten 32 darab FET &#8222;A&#8221; oszt\u00e1lyban<\/span><br \/>\n<span style=\"font-size: 12pt; color: #999999;\">4-5 \u00f3ra t\u00f6lt\u00e9smentes ciklussal, t\u00f6lt\u00e9ssel folyamatosan<\/span><br \/>\n<span style=\"font-size: 12pt; color: #999999;\">Kimeneti fesz\u00fclts\u00e9ge 12V RMS, ez m\u00e9g a legnehezebb fi\u00faknak is el\u00e9g (mint egyik etalonunk a fejleszt\u00e9s folyam\u00e1n, az AKG K1000)<\/span><br \/>\n<span style=\"font-size: 12pt; color: #999999;\">Lavry AD11 hangk\u00e1rty\u00e1val m\u00e9rve pl. 120 ohm terhel\u00e9sen, 50mW teljes\u00edtm\u00e9nyn\u00e9l THD=0,006% mindez negat\u00edv visszacsatol\u00e1s n\u00e9lk\u00fcl<\/span><\/p>\n<p><span style=\"font-size: 12pt; color: #999999;\">Aj\u00e1nlott fogyaszt\u00f3i \u00e1ra: 5.000 Euro<\/span><\/p>\n","protected":false},"excerpt":{"rendered":"<p>Sileo (Fejhallgat\u00f3 \u00e9s el\u0151er\u0151s\u00edt\u0151) A Sileo el\u0151er\u0151s\u00edt\u0151 a Human Audio k\u00f6lt\u00e9szet\u00e9ben maga a r\u00edm. Csendben h\u00fazza meg mag\u00e1t a sorok v\u00e9g\u00e9n &#8211; m\u00e9gis n\u00e9lk\u00fcl\u00f6zhetetlen a vers eg\u00e9sz\u00e9ben. Nincs sz\u00fcks\u00e9g magyar\u00e1zatra, nincs sz\u00fcks\u00e9g elemz\u00e9sre, a k\u00f6ltem\u00e9ny vele v\u00e1lik teljes eg\u00e9ssz\u00e9. A Sileo a k\u00f6lt\u0151i eszk\u00f6z\u00f6k elemi iskol\u00e1ja, az alma mater ahov\u00e1 a zene egyetem\u00e9n v\u00e9gzett di\u00e1k&hellip;<\/p>\n<p class=\"more-link\"><a href=\"https:\/\/www.human-audio.hu\/sileo_hu\/\" class=\"themebutton2\">Read More<\/a><\/p>\n","protected":false},"author":1,"featured_media":0,"parent":0,"menu_order":0,"comment_status":"closed","ping_status":"closed","template":"","meta":{"iawp_total_views":274,"footnotes":""},"categories":[],"tags":[],"class_list":["post-2450","page","type-page","status-publish","hentry"],"_links":{"self":[{"href":"https:\/\/www.human-audio.hu\/wp-json\/wp\/v2\/pages\/2450","targetHints":{"allow":["GET"]}}],"collection":[{"href":"https:\/\/www.human-audio.hu\/wp-json\/wp\/v2\/pages"}],"about":[{"href":"https:\/\/www.human-audio.hu\/wp-json\/wp\/v2\/types\/page"}],"author":[{"embeddable":true,"href":"https:\/\/www.human-audio.hu\/wp-json\/wp\/v2\/users\/1"}],"replies":[{"embeddable":true,"href":"https:\/\/www.human-audio.hu\/wp-json\/wp\/v2\/comments?post=2450"}],"version-history":[{"count":9,"href":"https:\/\/www.human-audio.hu\/wp-json\/wp\/v2\/pages\/2450\/revisions"}],"predecessor-version":[{"id":5217,"href":"https:\/\/www.human-audio.hu\/wp-json\/wp\/v2\/pages\/2450\/revisions\/5217"}],"wp:attachment":[{"href":"https:\/\/www.human-audio.hu\/wp-json\/wp\/v2\/media?parent=2450"}],"wp:term":[{"taxonomy":"category","embeddable":true,"href":"https:\/\/www.human-audio.hu\/wp-json\/wp\/v2\/categories?post=2450"},{"taxonomy":"post_tag","embeddable":true,"href":"https:\/\/www.human-audio.hu\/wp-json\/wp\/v2\/tags?post=2450"}],"curies":[{"name":"wp","href":"https:\/\/api.w.org\/{rel}","templated":true}]}}