{"id":2358,"date":"2025-03-18T19:42:02","date_gmt":"2025-03-18T18:42:02","guid":{"rendered":"https:\/\/www.human-audio.hu\/?page_id=2358"},"modified":"2025-11-16T16:20:04","modified_gmt":"2025-11-16T15:20:04","slug":"cables_old_hu","status":"publish","type":"page","link":"https:\/\/www.human-audio.hu\/cables_old_hu\/","title":{"rendered":"cables_old_hu"},"content":{"rendered":"<p><span style=\"font-size: 12pt; color: #999999;\"><b>NEXU<\/b><strong>\u00a0&#8211;<\/strong> rendk\u00edv\u00fcl kiegyenl\u00edtett hang\u00fa USB k\u00e1bel, a sz\u00e1m\u00edt\u00f3g\u00e9pes zenehallgat\u00e1s alapk\u00f6ve.<\/span><\/p>\n<p><span style=\"font-size: 12pt; color: #999999;\"><strong>Simul &#8211; S\/PDIF &#8211;<\/strong> digit\u00e1lis \u00f6sszek\u00f6t\u0151 k\u00e1bel. Neutr\u00e1lis, zenei, ak\u00e1r t\u00f6bb m\u00e9ter hossz\u00fas\u00e1gban is korrekt \u00e1tvitelt biztos\u00edt. <\/span><span style=\"color: #999999; font-size: 12pt;\">Rendelhet\u0151 BNC \u00e9s\/vagy RCA dug\u00f3kkal.<\/span><\/p>\n<p><span style=\"font-size: 12pt; color: #999999;\"><strong>Simul+ &#8211;<\/strong> k\u00e9sz\u00fcl\u00e9k kateg\u00f3ri\u00e1j\u00fa S\/PDIF k\u00e1bel Furutech r\u00f3diumos csatlakoz\u00f3kkal.<\/span><\/p>\n<p><span style=\"font-size: 12pt; color: #999999;\"><b>Simul<\/b> <b>IC<\/b> <b>&#8211;<\/b>\u00a0analog \u00f6sszek\u00f6t\u0151 k\u00e1bel a r\u00e9gi alapanyagokb\u00f3l, \u00faj mechanikai szerkezettel.<\/span><\/p>\n<p><span style=\"font-size: 12pt; color: #999999;\"><strong>A1 &#8211;<\/strong> anal\u00f3g \u00f6sszek\u00f6t\u0151 k\u00e1bel, a Human hangkarakter esszenci\u00e1j\u00e1val. (ut\u00f3dja a Simul IC k\u00e1bel)<\/span><\/p>\n<p><span style=\"font-size: 12pt; color: #999999;\"><b>S1<\/b> <b>&#8211;<\/b> hangfal k\u00e1bel rendk\u00edv\u00fcl sok elemi sz\u00e1lb\u00f3l, versenyben a sokszoros \u00e1r\u00fa vet\u00e9lyt\u00e1rsakkal.<\/span><\/p>\n<p><span style=\"font-size: 12pt; color: #999999;\"><b>S1+<\/b> <b>&#8211;<\/b> nagyobb keresztmetszet, dinamika.<\/span><\/p>\n<p><span style=\"font-size: 12pt; color: #999999;\"><b>S2<\/b> <b>&#8211;<\/b>\u00a0hangfal k\u00e1bel hihetetlen dinamik\u00e1val \u00e9s r\u00e9szletez\u0151 k\u00e9pess\u00e9ggel, leveg\u0151vel.<\/span><\/p>\n","protected":false},"excerpt":{"rendered":"<p>NEXU\u00a0&#8211; rendk\u00edv\u00fcl kiegyenl\u00edtett hang\u00fa USB k\u00e1bel, a sz\u00e1m\u00edt\u00f3g\u00e9pes zenehallgat\u00e1s alapk\u00f6ve. Simul &#8211; S\/PDIF &#8211; digit\u00e1lis \u00f6sszek\u00f6t\u0151 k\u00e1bel. Neutr\u00e1lis, zenei, ak\u00e1r t\u00f6bb m\u00e9ter hossz\u00fas\u00e1gban is korrekt \u00e1tvitelt biztos\u00edt. Rendelhet\u0151 BNC \u00e9s\/vagy RCA dug\u00f3kkal. Simul+ &#8211; k\u00e9sz\u00fcl\u00e9k kateg\u00f3ri\u00e1j\u00fa S\/PDIF k\u00e1bel Furutech r\u00f3diumos csatlakoz\u00f3kkal. Simul IC &#8211;\u00a0analog \u00f6sszek\u00f6t\u0151 k\u00e1bel a r\u00e9gi alapanyagokb\u00f3l, \u00faj mechanikai szerkezettel. A1 &#8211; anal\u00f3g&hellip;<\/p>\n<p class=\"more-link\"><a href=\"https:\/\/www.human-audio.hu\/cables_old_hu\/\" class=\"themebutton2\">Read More<\/a><\/p>\n","protected":false},"author":1,"featured_media":0,"parent":0,"menu_order":0,"comment_status":"closed","ping_status":"closed","template":"","meta":{"iawp_total_views":91,"footnotes":""},"categories":[],"tags":[],"class_list":["post-2358","page","type-page","status-publish","hentry"],"_links":{"self":[{"href":"https:\/\/www.human-audio.hu\/wp-json\/wp\/v2\/pages\/2358","targetHints":{"allow":["GET"]}}],"collection":[{"href":"https:\/\/www.human-audio.hu\/wp-json\/wp\/v2\/pages"}],"about":[{"href":"https:\/\/www.human-audio.hu\/wp-json\/wp\/v2\/types\/page"}],"author":[{"embeddable":true,"href":"https:\/\/www.human-audio.hu\/wp-json\/wp\/v2\/users\/1"}],"replies":[{"embeddable":true,"href":"https:\/\/www.human-audio.hu\/wp-json\/wp\/v2\/comments?post=2358"}],"version-history":[{"count":17,"href":"https:\/\/www.human-audio.hu\/wp-json\/wp\/v2\/pages\/2358\/revisions"}],"predecessor-version":[{"id":4888,"href":"https:\/\/www.human-audio.hu\/wp-json\/wp\/v2\/pages\/2358\/revisions\/4888"}],"wp:attachment":[{"href":"https:\/\/www.human-audio.hu\/wp-json\/wp\/v2\/media?parent=2358"}],"wp:term":[{"taxonomy":"category","embeddable":true,"href":"https:\/\/www.human-audio.hu\/wp-json\/wp\/v2\/categories?post=2358"},{"taxonomy":"post_tag","embeddable":true,"href":"https:\/\/www.human-audio.hu\/wp-json\/wp\/v2\/tags?post=2358"}],"curies":[{"name":"wp","href":"https:\/\/api.w.org\/{rel}","templated":true}]}}