{"id":2305,"date":"2025-03-17T13:19:24","date_gmt":"2025-03-17T12:19:24","guid":{"rendered":"https:\/\/www.human-audio.hu\/?page_id=2305"},"modified":"2025-10-09T06:36:04","modified_gmt":"2025-10-09T05:36:04","slug":"products_hu","status":"publish","type":"page","link":"https:\/\/www.human-audio.hu\/products_hu\/","title":{"rendered":"products_hu"},"content":{"rendered":"<p style=\"text-align: center;\"><span style=\"color: #999999; font-size: 14pt;\"><strong>TERM\u00c9KEK<\/strong><\/span><\/p>\n<p style=\"text-align: center;\"><span style=\"color: #999999; font-size: 12pt;\"><strong><a style=\"color: #999999;\" href=\"https:\/\/www.human-audio.hu\/?page_id=2459\">ANAL\u00d3G<\/a><\/strong><\/span><\/p>\n<p style=\"text-align: center;\"><span style=\"color: #999999; font-size: 12pt;\"><strong><a style=\"color: #999999;\" href=\"https:\/\/www.human-audio.hu\/?page_id=2472\">DIGIT\u00c1LIS<\/a><\/strong><\/span><\/p>\n<p style=\"text-align: center;\"><span style=\"color: #999999; font-size: 14pt;\"><strong><a style=\"color: #999999;\" href=\"https:\/\/www.human-audio.hu\/?page_id=2571\"><span style=\"font-size: 12pt;\">K\u00c1BELEK<\/span><\/a><\/strong><\/span><\/p>\n","protected":false},"excerpt":{"rendered":"<p>TERM\u00c9KEK ANAL\u00d3G DIGIT\u00c1LIS K\u00c1BELEK<\/p>\n","protected":false},"author":1,"featured_media":0,"parent":0,"menu_order":0,"comment_status":"closed","ping_status":"closed","template":"","meta":{"iawp_total_views":205,"footnotes":""},"categories":[],"tags":[],"class_list":["post-2305","page","type-page","status-publish","hentry"],"_links":{"self":[{"href":"https:\/\/www.human-audio.hu\/wp-json\/wp\/v2\/pages\/2305","targetHints":{"allow":["GET"]}}],"collection":[{"href":"https:\/\/www.human-audio.hu\/wp-json\/wp\/v2\/pages"}],"about":[{"href":"https:\/\/www.human-audio.hu\/wp-json\/wp\/v2\/types\/page"}],"author":[{"embeddable":true,"href":"https:\/\/www.human-audio.hu\/wp-json\/wp\/v2\/users\/1"}],"replies":[{"embeddable":true,"href":"https:\/\/www.human-audio.hu\/wp-json\/wp\/v2\/comments?post=2305"}],"version-history":[{"count":4,"href":"https:\/\/www.human-audio.hu\/wp-json\/wp\/v2\/pages\/2305\/revisions"}],"predecessor-version":[{"id":4763,"href":"https:\/\/www.human-audio.hu\/wp-json\/wp\/v2\/pages\/2305\/revisions\/4763"}],"wp:attachment":[{"href":"https:\/\/www.human-audio.hu\/wp-json\/wp\/v2\/media?parent=2305"}],"wp:term":[{"taxonomy":"category","embeddable":true,"href":"https:\/\/www.human-audio.hu\/wp-json\/wp\/v2\/categories?post=2305"},{"taxonomy":"post_tag","embeddable":true,"href":"https:\/\/www.human-audio.hu\/wp-json\/wp\/v2\/tags?post=2305"}],"curies":[{"name":"wp","href":"https:\/\/api.w.org\/{rel}","templated":true}]}}